{"id":66,"date":"2018-03-19T15:48:29","date_gmt":"2018-03-19T14:48:29","guid":{"rendered":"http:\/\/ela-asso.lu\/?page_id=66"},"modified":"2020-12-18T14:47:22","modified_gmt":"2020-12-18T13:47:22","slug":"notre-histoire","status":"publish","type":"page","link":"https:\/\/ela-asso.lu\/lu\/notre-histoire\/","title":{"rendered":"Eis Geschicht"},"content":{"rendered":"<div class='white' style='background:rgba(0,0,0,0); border:solid 1px rgba(0,0,0,0); border-radius:5px; padding:8px 8px 8px 8px;'>\n<div id='slider_119' class='owl-carousel sa_owl_theme owl-pagination-true autohide-arrows' data-slider-id='slider_119' style='visibility:hidden;'>\n<div id='slider_119_slide01' class='sa_hover_container' style='padding:5% 5%; margin:0px 0%; background-color:rgb(244, 204, 204); '><p><img class=\"alignnone size-full wp-image-120\" src=\"http:\/\/ela-asso.lu\/wp-content\/uploads\/2018\/03\/h1992-150x150.jpg\" alt=\"\" width=\"150\" height=\"150\" \/><\/p><\/div>\n<div id='slider_119_slide02' class='sa_hover_container' style='padding:5% 5%; margin:0px 0%; background-color:rgb(234, 209, 220); '><p><img class=\"alignnone size-full wp-image-121\" src=\"http:\/\/ela-asso.lu\/wp-content\/uploads\/2018\/03\/h1992bis-150x150.jpg\" alt=\"\" width=\"150\" height=\"150\" \/><\/p><\/div>\n<div id='slider_119_slide03' class='sa_hover_container' style='padding:5% 5%; margin:0px 0%; background-color:rgb(238, 238, 238); '><p><img class=\"alignnone size-full wp-image-122\" src=\"http:\/\/ela-asso.lu\/wp-content\/uploads\/2018\/03\/h1993-150x150.jpg\" alt=\"\" width=\"150\" height=\"150\" \/><\/p><\/div>\n<div id='slider_119_slide04' class='sa_hover_container' style='padding:5% 5%; margin:0px 0%; background-color:rgb(207, 226, 243); '><p><img class=\"alignnone size-full wp-image-123\" src=\"http:\/\/ela-asso.lu\/wp-content\/uploads\/2018\/03\/h1994-150x150.jpg\" alt=\"\" width=\"150\" height=\"150\" \/><\/p><\/div>\n<div id='slider_119_slide05' class='sa_hover_container' style='padding:5% 5%; margin:0px 0%; background-color:rgb(244, 204, 204); '><p><img class=\"alignnone size-full wp-image-124\" src=\"http:\/\/ela-asso.lu\/wp-content\/uploads\/2018\/03\/h1996-150x150.png\" alt=\"\" width=\"150\" height=\"150\" \/><\/p><\/div>\n<div id='slider_119_slide06' class='sa_hover_container' style='padding:5% 5%; margin:0px 0%; background-color:rgb(204, 204, 204); '><p><img class=\"alignnone size-full wp-image-125\" src=\"http:\/\/ela-asso.lu\/wp-content\/uploads\/2018\/03\/h2000-150x150.jpg\" alt=\"\" width=\"150\" height=\"150\" \/><\/p><\/div>\n<div id='slider_119_slide07' class='sa_hover_container' style='padding:5% 5%; margin:0px 0%; background-color:rgb(243, 243, 243); '><p><img class=\"alignnone size-full wp-image-126\" src=\"http:\/\/ela-asso.lu\/wp-content\/uploads\/2018\/03\/h2004-150x150.jpg\" alt=\"\" width=\"150\" height=\"150\" \/><\/p><\/div>\n<div id='slider_119_slide08' class='sa_hover_container' style='padding:5% 5%; margin:0px 0%; background-color:rgb(234, 209, 220); '><p><img class=\"alignnone size-full wp-image-127\" src=\"http:\/\/ela-asso.lu\/wp-content\/uploads\/2018\/03\/h2009-150x150.jpg\" alt=\"\" width=\"150\" height=\"150\" \/><\/p><\/div>\n<div id='slider_119_slide09' class='sa_hover_container' style='padding:5% 5%; margin:0px 0%; background-color:rgb(238, 238, 238); '><p><img class=\"alignnone size-full wp-image-128\" src=\"http:\/\/ela-asso.lu\/wp-content\/uploads\/2018\/03\/h2014-150x150.jpg\" alt=\"\" width=\"150\" height=\"150\" \/><\/p><\/div>\n<div id='slider_119_slide10' class='sa_hover_container' style='padding:5% 5%; margin:0px 0%; background-color:rgb(118, 165, 175); '><p><img class=\"alignnone size-full wp-image-129\" src=\"http:\/\/ela-asso.lu\/wp-content\/uploads\/2018\/03\/h2015-150x150.jpg\" alt=\"\" width=\"150\" height=\"150\" \/><\/p><\/div>\n<\/div>\n<\/div>\n<script type='text\/javascript'>\n\tjQuery(document).ready(function() {\n\t\tjQuery('#slider_119').owlCarousel({\n\t\t\tresponsive:{\n\t\t\t\t0:{ items:1 },\n\t\t\t\t480:{ items:2 },\n\t\t\t\t768:{ items:3 },\n\t\t\t\t980:{ items:4 },\n\t\t\t\t1200:{ items:4 },\n\t\t\t\t1500:{ items:4 }\n\t\t\t},\n\t\t\tautoplay : true,\n\t\t\tautoplayTimeout : 2000,\n\t\t\tautoplayHoverPause : true,\n\t\t\tsmartSpeed : 300,\n\t\t\tfluidSpeed : 300,\n\t\t\tautoplaySpeed : 300,\n\t\t\tnavSpeed : 300,\n\t\t\tdotsSpeed : 300,\n\t\t\tloop : true,\n\t\t\tnav : true,\n\t\t\tnavText : ['Previous','Next'],\n\t\t\tdots : true,\n\t\t\tresponsiveRefreshRate : 200,\n\t\t\tslideBy : 1,\n\t\t\tmergeFit : true,\n\t\t\tautoHeight : false,\n\t\t\tmouseDrag : true,\n\t\t\ttouchDrag : true\n\t\t});\n\t\tjQuery('#slider_119').css('visibility', 'visible');\n\t\tsa_resize_slider_119();\n\t\twindow.addEventListener('resize', sa_resize_slider_119);\n\t\tfunction sa_resize_slider_119() {\n\t\t\tvar min_height = '50';\n\t\t\tvar win_width = jQuery(window).width();\n\t\t\tvar slider_width = jQuery('#slider_119').width();\n\t\t\tif (win_width < 480) {\n\t\t\t\tvar slide_width = slider_width \/ 1;\n\t\t\t} else if (win_width < 768) {\n\t\t\t\tvar slide_width = slider_width \/ 2;\n\t\t\t} else if (win_width < 980) {\n\t\t\t\tvar slide_width = slider_width \/ 3;\n\t\t\t} else if (win_width < 1200) {\n\t\t\t\tvar slide_width = slider_width \/ 4;\n\t\t\t} else if (win_width < 1500) {\n\t\t\t\tvar slide_width = slider_width \/ 4;\n\t\t\t} else {\n\t\t\t\tvar slide_width = slider_width \/ 4;\n\t\t\t}\n\t\t\tslide_width = Math.round(slide_width);\n\t\t\tvar slide_height = '0';\n\t\t\tif (min_height == 'aspect43') {\n\t\t\t\tslide_height = (slide_width \/ 4) * 3;\t\t\t\tslide_height = Math.round(slide_height);\n\t\t\t} else if (min_height == 'aspect169') {\n\t\t\t\tslide_height = (slide_width \/ 16) * 9;\t\t\t\tslide_height = Math.round(slide_height);\n\t\t\t} else {\n\t\t\t\tslide_height = (slide_width \/ 100) * min_height;\t\t\t\tslide_height = Math.round(slide_height);\n\t\t\t}\n\t\t\tjQuery('#slider_119 .owl-item .sa_hover_container').css('min-height', slide_height+'px');\n\t\t}\n\t\tvar owl_goto = jQuery('#slider_119');\n\t\tjQuery('.slider_119_goto1').click(function(event){\n\t\t\towl_goto.trigger('to.owl.carousel', 0);\n\t\t});\n\t\tjQuery('.slider_119_goto2').click(function(event){\n\t\t\towl_goto.trigger('to.owl.carousel', 1);\n\t\t});\n\t\tjQuery('.slider_119_goto3').click(function(event){\n\t\t\towl_goto.trigger('to.owl.carousel', 2);\n\t\t});\n\t\tjQuery('.slider_119_goto4').click(function(event){\n\t\t\towl_goto.trigger('to.owl.carousel', 3);\n\t\t});\n\t\tjQuery('.slider_119_goto5').click(function(event){\n\t\t\towl_goto.trigger('to.owl.carousel', 4);\n\t\t});\n\t\tjQuery('.slider_119_goto6').click(function(event){\n\t\t\towl_goto.trigger('to.owl.carousel', 5);\n\t\t});\n\t\tjQuery('.slider_119_goto7').click(function(event){\n\t\t\towl_goto.trigger('to.owl.carousel', 6);\n\t\t});\n\t\tjQuery('.slider_119_goto8').click(function(event){\n\t\t\towl_goto.trigger('to.owl.carousel', 7);\n\t\t});\n\t\tjQuery('.slider_119_goto9').click(function(event){\n\t\t\towl_goto.trigger('to.owl.carousel', 8);\n\t\t});\n\t\tjQuery('.slider_119_goto10').click(function(event){\n\t\t\towl_goto.trigger('to.owl.carousel', 9);\n\t\t});\n\t\tvar resize_119 = jQuery('.owl-carousel');\n\t\tresize_119.on('initialized.owl.carousel', function(e) {\n\t\t\tif (typeof(Event) === 'function') {\n\t\t\t\twindow.dispatchEvent(new Event('resize'));\n\t\t\t} else {\n\t\t\t\tvar evt = window.document.createEvent('UIEvents');\n\t\t\t\tevt.initUIEvent('resize', true, false, window, 0);\n\t\t\t\twindow.dispatchEvent(evt);\n\t\t\t}\n\t\t});\n\t});\n<\/script>\n\n<p><strong><span style=\"color: #e41871;\">1992\u00a0\u2022 Naissance d\u2019ELA<\/span> \u2013<\/strong> L\u2019ann\u00e9e 1992 signe la naissance de l\u2019association, mais \u00e9galement la d\u00e9couverte du g\u00e8ne responsable de l\u2019adr\u00e9noleucodystrophie, un premier espoir pour les familles.<br \/>\n<strong><span style=\"color: #e41871;\">1994\u00a0\u2022 Mets tes baskets et bats la maladie<\/span> \u2013 <\/strong>C\u2019est l\u2019ann\u00e9e du premier appel de l\u2019association \u00e0 destination des \u00e9tablis\u00adsements scolaires\u2026 L\u2019id\u00e9e d\u2019une grande op\u00e9ration citoyenne est lanc\u00e9e et va rencontrer un succ\u00e8s national renouvel\u00e9 chaque ann\u00e9e. 1996 \u2022 ELA reconnue d\u2019Utilit\u00e9 Publique en France \u2013 Apr\u00e8s seulement quatre ann\u00e9es d\u2019existence, l\u2019association ELA se voit attribuer la Reconnaissance d\u2019Utilit\u00e9 Publique, preuve ind\u00e9niable de la qualit\u00e9 de son travail.<br \/>\n<strong><span style=\"color: #e41871;\">2000 \u2022 Zin\u00e9dine Zidane, un engagement de c\u0153ur<\/span> \u2013 <\/strong>Le champion au grand c\u0153ur \u00e9mu par ELA, s\u2019engage et propulse l\u2019association au premier plan.<br \/>\n<strong><span style=\"color: #e41871;\">2009 \u2022 Premier Essai de th\u00e9rapie g\u00e9nique sur une leucodystrophie gr\u00e2ce aux financements d\u2019ELA<\/span> \u2013<\/strong> Une ann\u00e9e marquante pour les familles d\u2019ELA qui d\u00e9couvrent une avanc\u00e9e m\u00e9dicale prometteuse. Le Professeur Patrick Aubourg et le Docteur Nathalie Cartier publient les r\u00e9sultats d\u2019un essai de th\u00e9rapie g\u00e9nique de l\u2019adr\u00e9no-leucodystrophie. Une innovation qui ouvre des perspectives encoura\u00adgeantes dans le traitement des leucodystrophies mais aussi de maladies plus fr\u00e9quentes.<br \/>\n<strong><span style=\"color: #e41871;\">2014 \u2022 Premier essai clinique international<\/span> \u2013 <\/strong>ELA et Medday lancent l\u2019essai MD 1003 pour tester les b\u00e9n\u00e9fices d\u2019une mol\u00e9cule dans le traitement d\u2019une forme adulte de leucodystrophie. Cet essai est lanc\u00e9 simultan\u00e9ment en Allemagne, en France et en Espagne.<br \/>\n<strong><span style=\"color: #e41871;\">2015 \u2022 Cr\u00e9ation du Centre de Ressources Biologiques Lorrain<\/span> \u2013 <\/strong>L\u2019objectif de ce centre est de disposer d\u2019un lieu de stockage d\u2019\u00e9chantillons biologiques, associ\u00e9 \u00e0 une base de donn\u00e9es cliniques, afin d\u2019acc\u00e9l\u00e9rer les activit\u00e9s de recherches scientifiques sur les leucodystrophies. Ce projet a obtenu le soutien financier d\u2019ELA (759 687\u00a0\u20ac), de l\u2019Union europ\u00e9enne (760 000\u00a0\u20ac), de la R\u00e9gion Lorraine (400 000\u00a0\u20ac), de la Communaut\u00e9 Urbaine du Grand Nancy (325 000\u00a0\u20ac), de l\u2019INSERM (20 000\u00a0\u20ac) et du minist\u00e8re de l\u2019Enseignement sup\u00e9rieur et de la Recherche (15 000\u00a0\u20ac). Aujourd\u2019hui, ELA est le premier financeur de la recherche sur les leucodystrophies.<br \/>\n<strong><span style=\"color: #e41871;\">2015 \u2022 Cr\u00e9ation d\u2019ELA\u2008International<\/span> \u2013<\/strong> Implant\u00e9 \u00e0 Luxembourg, ELA International vise \u00e0 f\u00e9d\u00e9rer l\u2019action de l\u2019ensemble des structures ELA, d\u2019en cr\u00e9er d\u2019autres pour atteindre le plus rapidement possible le but ultime : vaincre les leucodystrophies, tout en accompagnant au mieux les familles dans leur quotidien.<\/p>\n<p><strong><span style=\"color: #e41871;\">Dates de cr\u00e9ation des antennes ELA<\/span><br \/>\n<\/strong><strong><span style=\"color: #e41871;\">\u2022<\/span> <\/strong>France : 1992<br \/>\n<strong><span style=\"color: #e41871;\">\u2022<\/span> <\/strong>Belgique : 1998<br \/>\n<strong><span style=\"color: #e41871;\">\u2022<\/span> <\/strong>Suisse : 2000<br \/>\n<strong><span style=\"color: #e41871;\">\u2022<\/span> <\/strong>Espagne : 2001<br \/>\n<strong><span style=\"color: #e41871;\">\u2022<\/span> <\/strong>Luxembourg : 2006<br \/>\n<strong><span style=\"color: #e41871;\">\u2022<\/span> <\/strong>Italie : 2009<\/p>\n","protected":false},"excerpt":{"rendered":"<p>1992\u00a0\u2022 Naissance d\u2019ELA \u2013 L\u2019ann\u00e9e 1992 signe la naissance de l\u2019association, mais \u00e9galement la d\u00e9couverte du g\u00e8ne responsable de l\u2019adr\u00e9noleucodystrophie, un premier espoir pour les familles. 1994\u00a0\u2022 Mets tes baskets et bats la maladie \u2013 C\u2019est l\u2019ann\u00e9e du premier appel de l\u2019association \u00e0 destination des \u00e9tablis\u00adsements scolaires\u2026 L\u2019id\u00e9e d\u2019une grande<span class=\"more-link\"><a href=\"https:\/\/ela-asso.lu\/lu\/notre-histoire\/\">Read More &rarr;<\/a><\/span><\/p>\n","protected":false},"author":1,"featured_media":0,"parent":0,"menu_order":0,"comment_status":"closed","ping_status":"closed","template":"","meta":{"two_page_speed":[]},"_links":{"self":[{"href":"https:\/\/ela-asso.lu\/lu\/wp-json\/wp\/v2\/pages\/66"}],"collection":[{"href":"https:\/\/ela-asso.lu\/lu\/wp-json\/wp\/v2\/pages"}],"about":[{"href":"https:\/\/ela-asso.lu\/lu\/wp-json\/wp\/v2\/types\/page"}],"author":[{"embeddable":true,"href":"https:\/\/ela-asso.lu\/lu\/wp-json\/wp\/v2\/users\/1"}],"replies":[{"embeddable":true,"href":"https:\/\/ela-asso.lu\/lu\/wp-json\/wp\/v2\/comments?post=66"}],"version-history":[{"count":11,"href":"https:\/\/ela-asso.lu\/lu\/wp-json\/wp\/v2\/pages\/66\/revisions"}],"predecessor-version":[{"id":1788,"href":"https:\/\/ela-asso.lu\/lu\/wp-json\/wp\/v2\/pages\/66\/revisions\/1788"}],"wp:attachment":[{"href":"https:\/\/ela-asso.lu\/lu\/wp-json\/wp\/v2\/media?parent=66"}],"curies":[{"name":"wp","href":"https:\/\/api.w.org\/{rel}","templated":true}]}}

<div class='white' style='background:rgba(0,0,0,0); border:solid 1px rgba(0,0,0,0); border-radius:5px; padding:8px 8px 8px 8px;'>
<div id='slider_119' class='owl-carousel sa_owl_theme owl-pagination-true autohide-arrows' data-slider-id='slider_119' style='visibility:hidden;'>
<div id='slider_119_slide01' class='sa_hover_container' style='padding:5% 5%; margin:0px 0%; background-color:rgb(244, 204, 204); '><p><img class="alignnone size-full wp-image-120" src="http://ela-asso.lu/wp-content/uploads/2018/03/h1992-150x150.jpg" alt="" width="150" height="150" /></p></div>
<div id='slider_119_slide02' class='sa_hover_container' style='padding:5% 5%; margin:0px 0%; background-color:rgb(234, 209, 220); '><p><img class="alignnone size-full wp-image-121" src="http://ela-asso.lu/wp-content/uploads/2018/03/h1992bis-150x150.jpg" alt="" width="150" height="150" /></p></div>
<div id='slider_119_slide03' class='sa_hover_container' style='padding:5% 5%; margin:0px 0%; background-color:rgb(238, 238, 238); '><p><img class="alignnone size-full wp-image-122" src="http://ela-asso.lu/wp-content/uploads/2018/03/h1993-150x150.jpg" alt="" width="150" height="150" /></p></div>
<div id='slider_119_slide04' class='sa_hover_container' style='padding:5% 5%; margin:0px 0%; background-color:rgb(207, 226, 243); '><p><img class="alignnone size-full wp-image-123" src="http://ela-asso.lu/wp-content/uploads/2018/03/h1994-150x150.jpg" alt="" width="150" height="150" /></p></div>
<div id='slider_119_slide05' class='sa_hover_container' style='padding:5% 5%; margin:0px 0%; background-color:rgb(244, 204, 204); '><p><img class="alignnone size-full wp-image-124" src="http://ela-asso.lu/wp-content/uploads/2018/03/h1996-150x150.png" alt="" width="150" height="150" /></p></div>
<div id='slider_119_slide06' class='sa_hover_container' style='padding:5% 5%; margin:0px 0%; background-color:rgb(204, 204, 204); '><p><img class="alignnone size-full wp-image-125" src="http://ela-asso.lu/wp-content/uploads/2018/03/h2000-150x150.jpg" alt="" width="150" height="150" /></p></div>
<div id='slider_119_slide07' class='sa_hover_container' style='padding:5% 5%; margin:0px 0%; background-color:rgb(243, 243, 243); '><p><img class="alignnone size-full wp-image-126" src="http://ela-asso.lu/wp-content/uploads/2018/03/h2004-150x150.jpg" alt="" width="150" height="150" /></p></div>
<div id='slider_119_slide08' class='sa_hover_container' style='padding:5% 5%; margin:0px 0%; background-color:rgb(234, 209, 220); '><p><img class="alignnone size-full wp-image-127" src="http://ela-asso.lu/wp-content/uploads/2018/03/h2009-150x150.jpg" alt="" width="150" height="150" /></p></div>
<div id='slider_119_slide09' class='sa_hover_container' style='padding:5% 5%; margin:0px 0%; background-color:rgb(238, 238, 238); '><p><img class="alignnone size-full wp-image-128" src="http://ela-asso.lu/wp-content/uploads/2018/03/h2014-150x150.jpg" alt="" width="150" height="150" /></p></div>
<div id='slider_119_slide10' class='sa_hover_container' style='padding:5% 5%; margin:0px 0%; background-color:rgb(118, 165, 175); '><p><img class="alignnone size-full wp-image-129" src="http://ela-asso.lu/wp-content/uploads/2018/03/h2015-150x150.jpg" alt="" width="150" height="150" /></p></div>
</div>
</div>
<script type='text/javascript'>
	jQuery(document).ready(function() {
		jQuery('#slider_119').owlCarousel({
			responsive:{
				0:{ items:1 },
				480:{ items:2 },
				768:{ items:3 },
				980:{ items:4 },
				1200:{ items:4 },
				1500:{ items:4 }
			},
			autoplay : true,
			autoplayTimeout : 2000,
			autoplayHoverPause : true,
			smartSpeed : 300,
			fluidSpeed : 300,
			autoplaySpeed : 300,
			navSpeed : 300,
			dotsSpeed : 300,
			loop : true,
			nav : true,
			navText : ['Previous','Next'],
			dots : true,
			responsiveRefreshRate : 200,
			slideBy : 1,
			mergeFit : true,
			autoHeight : false,
			mouseDrag : true,
			touchDrag : true
		});
		jQuery('#slider_119').css('visibility', 'visible');
		sa_resize_slider_119();
		window.addEventListener('resize', sa_resize_slider_119);
		function sa_resize_slider_119() {
			var min_height = '50';
			var win_width = jQuery(window).width();
			var slider_width = jQuery('#slider_119').width();
			if (win_width < 480) {
				var slide_width = slider_width / 1;
			} else if (win_width < 768) {
				var slide_width = slider_width / 2;
			} else if (win_width < 980) {
				var slide_width = slider_width / 3;
			} else if (win_width < 1200) {
				var slide_width = slider_width / 4;
			} else if (win_width < 1500) {
				var slide_width = slider_width / 4;
			} else {
				var slide_width = slider_width / 4;
			}
			slide_width = Math.round(slide_width);
			var slide_height = '0';
			if (min_height == 'aspect43') {
				slide_height = (slide_width / 4) * 3;				slide_height = Math.round(slide_height);
			} else if (min_height == 'aspect169') {
				slide_height = (slide_width / 16) * 9;				slide_height = Math.round(slide_height);
			} else {
				slide_height = (slide_width / 100) * min_height;				slide_height = Math.round(slide_height);
			}
			jQuery('#slider_119 .owl-item .sa_hover_container').css('min-height', slide_height+'px');
		}
		var owl_goto = jQuery('#slider_119');
		jQuery('.slider_119_goto1').click(function(event){
			owl_goto.trigger('to.owl.carousel', 0);
		});
		jQuery('.slider_119_goto2').click(function(event){
			owl_goto.trigger('to.owl.carousel', 1);
		});
		jQuery('.slider_119_goto3').click(function(event){
			owl_goto.trigger('to.owl.carousel', 2);
		});
		jQuery('.slider_119_goto4').click(function(event){
			owl_goto.trigger('to.owl.carousel', 3);
		});
		jQuery('.slider_119_goto5').click(function(event){
			owl_goto.trigger('to.owl.carousel', 4);
		});
		jQuery('.slider_119_goto6').click(function(event){
			owl_goto.trigger('to.owl.carousel', 5);
		});
		jQuery('.slider_119_goto7').click(function(event){
			owl_goto.trigger('to.owl.carousel', 6);
		});
		jQuery('.slider_119_goto8').click(function(event){
			owl_goto.trigger('to.owl.carousel', 7);
		});
		jQuery('.slider_119_goto9').click(function(event){
			owl_goto.trigger('to.owl.carousel', 8);
		});
		jQuery('.slider_119_goto10').click(function(event){
			owl_goto.trigger('to.owl.carousel', 9);
		});
		var resize_119 = jQuery('.owl-carousel');
		resize_119.on('initialized.owl.carousel', function(e) {
			if (typeof(Event) === 'function') {
				window.dispatchEvent(new Event('resize'));
			} else {
				var evt = window.document.createEvent('UIEvents');
				evt.initUIEvent('resize', true, false, window, 0);
				window.dispatchEvent(evt);
			}
		});
	});
</script>

<p><strong><span style="color: #e41871;">1992 • Naissance d’ELA</span> –</strong> L’année 1992 signe la naissance de l’association, mais également la découverte du gène responsable de l’adrénoleucodystrophie, un premier espoir pour les familles.<br />
<strong><span style="color: #e41871;">1994 • Mets tes baskets et bats la maladie</span> – </strong>C’est l’année du premier appel de l’association à destination des établis­sements scolaires… L’idée d’une grande opération citoyenne est lancée et va rencontrer un succès national renouvelé chaque année. 1996 • ELA reconnue d’Utilité Publique en France – Après seulement quatre années d’existence, l’association ELA se voit attribuer la Reconnaissance d’Utilité Publique, preuve indéniable de la qualité de son travail.<br />
<strong><span style="color: #e41871;">2000 • Zinédine Zidane, un engagement de cœur</span> – </strong>Le champion au grand cœur ému par ELA, s’engage et propulse l’association au premier plan.<br />
<strong><span style="color: #e41871;">2009 • Premier Essai de thérapie génique sur une leucodystrophie grâce aux financements d’ELA</span> –</strong> Une année marquante pour les familles d’ELA qui découvrent une avancée médicale prometteuse. Le Professeur Patrick Aubourg et le Docteur Nathalie Cartier publient les résultats d’un essai de thérapie génique de l’adréno-leucodystrophie. Une innovation qui ouvre des perspectives encoura­geantes dans le traitement des leucodystrophies mais aussi de maladies plus fréquentes.<br />
<strong><span style="color: #e41871;">2014 • Premier essai clinique international</span> – </strong>ELA et Medday lancent l’essai MD 1003 pour tester les bénéfices d’une molécule dans le traitement d’une forme adulte de leucodystrophie. Cet essai est lancé simultanément en Allemagne, en France et en Espagne.<br />
<strong><span style="color: #e41871;">2015 • Création du Centre de Ressources Biologiques Lorrain</span> – </strong>L’objectif de ce centre est de disposer d’un lieu de stockage d’échantillons biologiques, associé à une base de données cliniques, afin d’accélérer les activités de recherches scientifiques sur les leucodystrophies. Ce projet a obtenu le soutien financier d’ELA (759 687 €), de l’Union européenne (760 000 €), de la Région Lorraine (400 000 €), de la Communauté Urbaine du Grand Nancy (325 000 €), de l’INSERM (20 000 €) et du ministère de l’Enseignement supérieur et de la Recherche (15 000 €). Aujourd’hui, ELA est le premier financeur de la recherche sur les leucodystrophies.<br />
<strong><span style="color: #e41871;">2015 • Création d’ELA International</span> –</strong> Implanté à Luxembourg, ELA International vise à fédérer l’action de l’ensemble des structures ELA, d’en créer d’autres pour atteindre le plus rapidement possible le but ultime : vaincre les leucodystrophies, tout en accompagnant au mieux les familles dans leur quotidien.</p>
<p><strong><span style="color: #e41871;">Dates de création des antennes ELA</span><br />
</strong><strong><span style="color: #e41871;">•</span> </strong>France : 1992<br />
<strong><span style="color: #e41871;">•</span> </strong>Belgique : 1998<br />
<strong><span style="color: #e41871;">•</span> </strong>Suisse : 2000<br />
<strong><span style="color: #e41871;">•</span> </strong>Espagne : 2001<br />
<strong><span style="color: #e41871;">•</span> </strong>Luxembourg : 2006<br />
<strong><span style="color: #e41871;">•</span> </strong>Italie : 2009</p>

<p>1992 • Naissance d’ELA – L’année 1992 signe la naissance de l’association, mais également la découverte du gène responsable de l’adrénoleucodystrophie, un premier espoir pour les familles. 1994 • Mets tes baskets et bats la maladie – C’est l’année du premier appel de l’association à destination des établis­sements scolaires… L’idée d’une grande<span class="more-link"><a href="https://ela-asso.lu/lu/notre-histoire/">Read More &rarr;</a></span></p>
