{"id":77,"date":"2018-03-19T15:51:16","date_gmt":"2018-03-19T14:51:16","guid":{"rendered":"http:\/\/ela-asso.lu\/?page_id=77"},"modified":"2020-12-18T14:47:22","modified_gmt":"2020-12-18T13:47:22","slug":"les-effets-de-la-maladie","status":"publish","type":"page","link":"https:\/\/ela-asso.lu\/lu\/les-effets-de-la-maladie\/","title":{"rendered":"D&#8217;Effekter vun der Krankheet"},"content":{"rendered":"<p><span style=\"color: #e41871;\"><strong>\u2022 40<span style=\"color: #e41871;\"> Kanner<\/span> pro Woch<\/strong> <\/span>ginn an Europa, mat Leukodystrophie, gebuer.<\/p>\n<h4>Den Alldag mat d\u00ebser Krankheet<\/h4>\n<p>Eng Leukodystrophie ze hunn, bed\u00e4it mat enger rarer Krankheet, d\u00e9i een a sengem Alldag aschr\u00e4nkt, liewen ze mussen. D\u00ebst boulevers\u00e9iert d\u2019Liewen vum Kranken a senger Famill.<\/p>\n<div style=\"width: 640px;\" class=\"wp-video\"><!--[if lt IE 9]><script>document.createElement('video');<\/script><![endif]-->\n<video class=\"wp-video-shortcode\" id=\"video-77-1\" width=\"640\" height=\"360\" autoplay=\"1\" preload=\"metadata\" controls=\"controls\"><source type=\"video\/mp4\" src=\"http:\/\/ela-asso.lu\/wp-content\/uploads\/2018\/03\/Reportage-dans-la-famille-de-Leonie.mp4?_=1\" \/><a href=\"http:\/\/ela-asso.lu\/wp-content\/uploads\/2018\/03\/Reportage-dans-la-famille-de-Leonie.mp4\">http:\/\/ela-asso.lu\/wp-content\/uploads\/2018\/03\/Reportage-dans-la-famille-de-Leonie.mp4<\/a><\/video><\/div>\n","protected":false},"excerpt":{"rendered":"<p>\u2022 40 Kanner pro Woch ginn an Europa, mat Leukodystrophie, gebuer. Den Alldag mat d\u00ebser Krankheet Eng Leukodystrophie ze hunn, bed\u00e4it mat enger rarer Krankheet, d\u00e9i een a sengem Alldag aschr\u00e4nkt, liewen ze mussen. D\u00ebst boulevers\u00e9iert d\u2019Liewen vum Kranken a senger Famill.<span class=\"more-link\"><a href=\"https:\/\/ela-asso.lu\/lu\/les-effets-de-la-maladie\/\">Read More &rarr;<\/a><\/span><\/p>\n","protected":false},"author":1,"featured_media":0,"parent":0,"menu_order":0,"comment_status":"closed","ping_status":"closed","template":"","meta":{"two_page_speed":[]},"_links":{"self":[{"href":"https:\/\/ela-asso.lu\/lu\/wp-json\/wp\/v2\/pages\/77"}],"collection":[{"href":"https:\/\/ela-asso.lu\/lu\/wp-json\/wp\/v2\/pages"}],"about":[{"href":"https:\/\/ela-asso.lu\/lu\/wp-json\/wp\/v2\/types\/page"}],"author":[{"embeddable":true,"href":"https:\/\/ela-asso.lu\/lu\/wp-json\/wp\/v2\/users\/1"}],"replies":[{"embeddable":true,"href":"https:\/\/ela-asso.lu\/lu\/wp-json\/wp\/v2\/comments?post=77"}],"version-history":[{"count":3,"href":"https:\/\/ela-asso.lu\/lu\/wp-json\/wp\/v2\/pages\/77\/revisions"}],"predecessor-version":[{"id":822,"href":"https:\/\/ela-asso.lu\/lu\/wp-json\/wp\/v2\/pages\/77\/revisions\/822"}],"wp:attachment":[{"href":"https:\/\/ela-asso.lu\/lu\/wp-json\/wp\/v2\/media?parent=77"}],"curies":[{"name":"wp","href":"https:\/\/api.w.org\/{rel}","templated":true}]}}

<p><span style="color: #e41871;"><strong>• 40<span style="color: #e41871;"> Kanner</span> pro Woch</strong> </span>ginn an Europa, mat Leukodystrophie, gebuer.</p>
<h4>Den Alldag mat dëser Krankheet</h4>
<p>Eng Leukodystrophie ze hunn, bedäit mat enger rarer Krankheet, déi een a sengem Alldag aschränkt, liewen ze mussen. Dëst bouleverséiert d’Liewen vum Kranken a senger Famill.</p>
<div style="width: 640px;" class="wp-video"><!--[if lt IE 9]><script>document.createElement('video');</script><![endif]-->
<video class="wp-video-shortcode" id="video-77-1" width="640" height="360" autoplay="1" preload="metadata" controls="controls"><source type="video/mp4" src="http://ela-asso.lu/wp-content/uploads/2018/03/Reportage-dans-la-famille-de-Leonie.mp4?_=1" /><a href="http://ela-asso.lu/wp-content/uploads/2018/03/Reportage-dans-la-famille-de-Leonie.mp4">http://ela-asso.lu/wp-content/uploads/2018/03/Reportage-dans-la-famille-de-Leonie.mp4</a></video></div>

<p>• 40 Kanner pro Woch ginn an Europa, mat Leukodystrophie, gebuer. Den Alldag mat dëser Krankheet Eng Leukodystrophie ze hunn, bedäit mat enger rarer Krankheet, déi een a sengem Alldag aschränkt, liewen ze mussen. Dëst bouleverséiert d’Liewen vum Kranken a senger Famill.<span class="more-link"><a href="https://ela-asso.lu/lu/les-effets-de-la-maladie/">Read More &rarr;</a></span></p>
